 of 1444739 and 1887?
37
What is the highest common factor of 882 and 12696894?
126
What is the greatest common divisor of 21661909 and 89503?
2183
What is the greatest common divisor of 17824 and 96032?
32
What is the greatest common divisor of 3624 and 417072?
24
What is the highest common divisor of 113981904 and 5772?
444
What is the greatest common factor of 9623000 and 118000?
1000
Calculate the greatest common factor of 321 and 66408159.
321
Calculate the highest common divisor of 895238130 and 30.
30
What is the greatest common factor of 3158146 and 478?
478
What is the greatest common divisor of 104 and 22389588?
52
What is the greatest common divisor of 13664724 and 12?
12
What is the greatest common factor of 584492363 and 91?
91
What is the greatest common divisor of 106210 and 8702?
38
Calculate the highest common divisor of 8359327 and 46.
23
What is the highest common factor of 9236175 and 8801?
13
Calculate the greatest common divisor of 26 and 15411838.
26
Calculate the highest common factor of 228 and 130603188.
228
Calculate the highest common divisor of 1408 and 39071912.
88
Calculate the greatest common divisor of 60 and 33664170.
30
What is the highest common factor of 306344304 and 3024?
1008
Calculate the highest common divisor of 11019 and 2667.
3
Calculate the highest common factor of 20980590 and 14320.
1790
What is the highest common factor of 2630 and 120976055?
1315
Calculate the greatest common divisor of 154973 and 175409.
1703
What is the greatest common divisor of 2656818 and 4221?
603
Calculate the highest common divisor of 286564164 and 10128.
2532
What is the greatest common factor of 191 and 21952967?
191
What is the greatest common factor of 41 and 39191?
1
What is the greatest common factor of 1655 and 524415?
5
What is the greatest common divisor of 281463 and 1235?
13
Calculate the greatest common divisor of 39 and 4954651.
13
Calculate the highest common divisor of 11 and 2737709414.
11
Calculate the greatest common divisor of 58 and 78154275.
29
What is the greatest common factor of 8220 and 71490?
30
What is the greatest common factor of 2154935090 and 1771?
1771
What is the greatest common factor of 9647264 and 1056?
352
What is the highest common divisor of 99597669 and 3?
3
Calculate the highest common divisor of 1583758 and 110.
22
What is the greatest common divisor of 4435404 and 108669?
267
Calculate the greatest common divisor of 2646 and 1108242.
54
Calculate the highest common factor of 348362 and 161.
7
Calculate the greatest common divisor of 2506528 and 31376.
592
What is the highest common factor of 32 and 346352?
16
What is the highest common factor of 4761783 and 117?
117
What is the greatest common divisor of 1656816 and 88368?
336
Calculate the greatest common divisor of 15450156 and 696.
348
What is the greatest common divisor of 337979148 and 156?
156
What is the highest common divisor of 2744 and 183484?
28
What is the highest common factor of 2555364 and 56?
28
What is the greatest common divisor of 60 and 381852252?
12
Calculate the highest common factor of 5574 and 35670813.
2787
What is the highest common divisor of 11376216 and 24?
24
Calculate the highest common divisor of 2025000 and 864.
216
What is the greatest common divisor of 224664 and 1436952?
264
What is the greatest common divisor of 163602 and 68838?
894
What is the highest common factor of 18 and 580418?
2
Calculate the greatest common divisor of 100506368 and 512.
256
Calculate the greatest common divisor of 14336 and 1375696.
112
Calculate the highest common factor of 6093952 and 32.
32
What is the greatest common divisor of 951014442 and 2346?
2346
Calculate the highest common divisor of 2308280786 and 9662.
9662
Calculate the highest common divisor of 253707 and 2907.
57
Calculate the greatest common divisor of 12 and 227889861.
3
What is the greatest common factor of 211860374 and 44?
22
What is the greatest common divisor of 110761046 and 55?
11
Calculate the highest common factor of 11104 and 801223.
347
What is the highest common factor of 19530 and 3130680?
210
What is the highest common factor of 38402 and 38682?
14
What is the highest common factor of 87427869 and 8739?
2913
Calculate the greatest common divisor of 1354150116 and 3036.
3036
Calculate the greatest common divisor of 844427319 and 2922.
1461
What is the highest common divisor of 242694 and 666?
18
Calculate the greatest common divisor of 49000809 and 99.
33
Calculate the highest common factor of 17939424 and 1216.
32
What is the highest common factor of 1109790 and 3015?
45
What is the greatest common factor of 12 and 18472700?
4
What is the highest common factor of 25 and 97629775?
25
What is the highest common divisor of 2241431964 and 3924?
3924
Calculate the greatest common factor of 95770943 and 1366.
683
What is the greatest common factor of 43368666 and 5610?
1122
Calculate the greatest common factor of 1901250 and 7390500.
9750
What is the highest common divisor of 38290509 and 4?
1
What is the greatest common factor of 353234 and 42?
14
What is the greatest common divisor of 36622166 and 14?
14
Calculate the greatest common divisor of 213 and 69330222.
213
Calculate the highest common divisor of 1696 and 41756368.
848
What is the greatest common divisor of 243297 and 864?
27
What is the greatest common factor of 46041911 and 5609?
79
Calculate the greatest common factor of 875 and 40623875.
125
What is the highest common factor of 3301 and 182277919?
3301
What is the greatest common factor of 300861626 and 1756?
878
What is the greatest common divisor of 16704 and 81142?
58
What is the greatest common factor of 5497354 and 248?
62
What is the highest common factor of 26994 and 641980306?
8998
Calculate the highest common divisor of 1367992 and 1965096.
4456
What is the highest common factor of 108552815 and 35?
35
What is the greatest common divisor of 1908 and 2794796?
212
What is the greatest common divisor of 448986858 and 566?
566
What is the greatest common factor of 276 and 994536?
12
Calculate the greatest common divisor of 2958831 and 500373.
477
What is the highest common factor of 1157 and 300108?
89
What is the highest common divisor of 1746611790 and 119?
119
What is the greatest common factor of 1457551226 and 6458?
6458
Calculate the highest common factor of 860 and 367683110.
430
What is the highest common divisor of 106030 and 7038?
46
What is the highest common factor of 1168500 and 375?
375
Calculate the highest common divisor of 12648 and 161088.
24
What is the greatest common divisor of 44 and 189525699?
11
Calculate the highest common divisor of 4622629 and 12731.
29
Calculate the greatest common factor of 63 and 28007000.
7
Calculate the highest common factor of 213587548 and 1756.
1756
What is the greatest common factor of 404724060 and 234?
234
Calculate the highest common factor of 97 and 152387.
97
What is the greatest common divisor of 1246056 and 8736?
168
What is the greatest common divisor of 606 and 699627?
303
Calculate the greatest common divisor of 5321599 and 148.
37
Calculate the highest common divisor of 141326746 and 231.
11
Calculate the highest common divisor of 17989451 and 1683.
17
Calculate the highest common factor of 3077 and 49215.
17
What is the greatest common divisor of 21206612 and 15156?
1684
What is the greatest common factor of 34 and 5419991?
17
Calculate the greatest common factor of 32 and 1933520.
16
Calculate the greatest common divisor of 5640538 and 28269.
349
Calculate the highest common factor of 312 and 31197348.
156
Calculate the highest common factor of 7114374 and 90.
18
Calculate the highest common factor of 1570060 and 208.
4
What is the highest common divisor of 762 and 59656726?
254
Calculate the highest common factor of 5908742 and 33074.
1438
Calculate the greatest common divisor of 841852048 and 5968.
5968
Calculate the greatest common factor of 1648177530 and 1290.
1290
What is the greatest common factor of 16 and 20200208?
16
What is the highest common divisor of 728 and 897104?
104
Calculate the greatest common divisor of 40575850 and 150.
50
Calculate the highest common factor of 11560 and 92004595.
1445
What is the highest common factor of 186969